{"id":731,"date":"2024-07-15T15:14:48","date_gmt":"2024-07-15T13:14:48","guid":{"rendered":"https:\/\/mymucette.com\/?page_id=731"},"modified":"2024-11-11T10:40:44","modified_gmt":"2024-11-11T09:40:44","slug":"la-maison","status":"publish","type":"page","link":"https:\/\/mymucette.com\/index.php\/la-maison\/","title":{"rendered":"La maison"},"content":{"rendered":"\t\t<div data-elementor-type=\"wp-page\" data-elementor-id=\"731\" class=\"elementor elementor-731\">\n\t\t\t\t<div class=\"elementor-element elementor-element-32c612f e-con-full e-flex e-con e-parent\" data-id=\"32c612f\" data-element_type=\"container\" data-e-type=\"container\">\n\t\t\t\t<div class=\"elementor-element elementor-element-9e67a63 animated-slow elementor-invisible elementor-widget elementor-widget-image\" data-id=\"9e67a63\" data-element_type=\"widget\" data-e-type=\"widget\" data-settings=\"{&quot;_animation&quot;:&quot;fadeIn&quot;}\" data-widget_type=\"image.default\">\n\t\t\t\t<div class=\"elementor-widget-container\">\n\t\t\t\t\t\t\t\t\t\t\t\t\t\t\t<img decoding=\"async\" src=\"https:\/\/mymucette.com\/wp-content\/uploads\/elementor\/thumbs\/carli-jeen-15YDf39RIVc-unsplash-scaled-qujp0gtrrcpv574mg7pq5v6y5am1i8dxwn84drpdiw.jpg\" title=\"carli-jeen-15YDf39RIVc-unsplash\" alt=\"carli-jeen-15YDf39RIVc-unsplash\" loading=\"lazy\" \/>\t\t\t\t\t\t\t\t\t\t\t\t\t\t\t<\/div>\n\t\t\t\t<\/div>\n\t\t\t\t<\/div>\n\t\t<div class=\"elementor-element elementor-element-ff25697 e-con-full e-flex e-con e-parent\" data-id=\"ff25697\" data-element_type=\"container\" data-e-type=\"container\">\n\t\t<div class=\"elementor-element elementor-element-538791c e-con-full e-flex e-con e-child\" data-id=\"538791c\" data-element_type=\"container\" data-e-type=\"container\">\n\t\t\t\t<div class=\"elementor-element elementor-element-4c9f4a8 elementor-widget elementor-widget-heading\" data-id=\"4c9f4a8\" data-element_type=\"widget\" data-e-type=\"widget\" data-widget_type=\"heading.default\">\n\t\t\t\t<div class=\"elementor-widget-container\">\n\t\t\t\t\t<h2 class=\"elementor-heading-title elementor-size-default\">LA MAISON<\/h2>\t\t\t\t<\/div>\n\t\t\t\t<\/div>\n\t\t\t\t<div class=\"elementor-element elementor-element-97f5a68 elementor-widget elementor-widget-text-editor\" data-id=\"97f5a68\" data-element_type=\"widget\" data-e-type=\"widget\" data-widget_type=\"text-editor.default\">\n\t\t\t\t<div class=\"elementor-widget-container\">\n\t\t\t\t\t\t\t\t\t<majuscule\/><span style=\"font-size: 20px; font-family: gill-new-antique;\">Si le lieu est tout nouveau, sa conception remonte \u00e0 quelques ann\u00e9es d\u00e9j\u00e0. Fruit de mon imagination et de mon amour pour la famille et la convivialit\u00e9, Mucette est n\u00e9e d&rsquo;une petite graine et d&rsquo;un d\u00e9sir passionn\u00e9 qui a fait son chemin pour devenir aujourd&rsquo;hui un vrai projet de salon de th\u00e9 &#8211; p\u00e2tisserie et une aventure entrepreneuriale qui rythme mon quotidien depuis 2 ans.\n<\/span><br><br>\n\n<span style=\"font-size: 20px; font-family: gill-new-antique;\">L&rsquo;initiative est n\u00e9e d&rsquo;un constat simple : le manque d&rsquo;espaces conviviaux et adapt\u00e9s aux familles.\u00a0<\/span><br><br>\n\n<span style=\"font-size: 20px; font-family: gill-new-antique;\">Apr\u00e8s avoir pass\u00e9 presque 20 ans en H\u00f4tellerie Restauration en tant que Directrice d&rsquo;h\u00f4tels et Revenue Manager pour le groupe IHG, j&rsquo;ai d\u00e9cid\u00e9 de sauter le pas, de retourner \u00e0 l&rsquo;\u00e9cole au CEPROC afin de me former et ouvrir une boutique \u00e0 mon image. J&rsquo;ai eu la chance d&rsquo;\u00eatre form\u00e9e aupr\u00e8s du Chef Desty Brami et ses \u00e9quipes.<\/span><br><br>\n\n<span style=\"font-size: 20px; font-family: gill-new-antique;\">Je vous propose une p\u00e2tisserie traditionnelle revisit\u00e9e au go\u00fbt du jour et mieux sucr\u00e9e en \u00e9vitant les sucres non raffin\u00e9s et les produits transform\u00e9s.<\/span>\n\n<span style=\"font-size: 20px; font-family: gill-new-antique;\">Je travaille le plus possible avec des producteurs locaux, utilise les chocolats de la maison Valrhona et des fruits frais de saison.<\/span>\t\t\t\t\t\t\t\t<\/div>\n\t\t\t\t<\/div>\n\t\t\t\t<\/div>\n\t\t<div class=\"elementor-element elementor-element-2fabd61 e-con-full e-flex e-con e-child\" data-id=\"2fabd61\" data-element_type=\"container\" data-e-type=\"container\">\n\t\t\t\t<div class=\"elementor-element elementor-element-9d68f7c elementor-widget elementor-widget-image\" data-id=\"9d68f7c\" data-element_type=\"widget\" data-e-type=\"widget\" data-widget_type=\"image.default\">\n\t\t\t\t<div class=\"elementor-widget-container\">\n\t\t\t\t\t\t\t\t\t\t\t\t\t\t\t<img fetchpriority=\"high\" decoding=\"async\" width=\"2048\" height=\"1365\" src=\"https:\/\/mymucette.com\/wp-content\/uploads\/2024\/06\/MUCETTE-Sabrina-RAHBE-2048x1365.jpg\" class=\"attachment-2048x2048 size-2048x2048 wp-image-517\" alt=\"La maison - MUCETTE -Sabrina-RAHBE\" srcset=\"https:\/\/mymucette.com\/wp-content\/uploads\/2024\/06\/MUCETTE-Sabrina-RAHBE-2048x1365.jpg 2048w, https:\/\/mymucette.com\/wp-content\/uploads\/2024\/06\/MUCETTE-Sabrina-RAHBE-scaled-600x400.jpg 600w, https:\/\/mymucette.com\/wp-content\/uploads\/2024\/06\/MUCETTE-Sabrina-RAHBE-300x200.jpg 300w, https:\/\/mymucette.com\/wp-content\/uploads\/2024\/06\/MUCETTE-Sabrina-RAHBE-1024x683.jpg 1024w, https:\/\/mymucette.com\/wp-content\/uploads\/2024\/06\/MUCETTE-Sabrina-RAHBE-768x512.jpg 768w, https:\/\/mymucette.com\/wp-content\/uploads\/2024\/06\/MUCETTE-Sabrina-RAHBE-1536x1024.jpg 1536w\" sizes=\"(max-width: 2048px) 100vw, 2048px\" \/>\t\t\t\t\t\t\t\t\t\t\t\t\t\t\t<\/div>\n\t\t\t\t<\/div>\n\t\t\t\t<\/div>\n\t\t\t\t<\/div>\n\t\t\t\t<\/div>\n\t\t","protected":false},"excerpt":{"rendered":"<p>LA MAISON Si le lieu est tout nouveau, sa conception remonte \u00e0 quelques ann\u00e9es d\u00e9j\u00e0. Fruit de mon imagination et [&hellip;]<\/p>\n","protected":false},"author":1,"featured_media":517,"parent":0,"menu_order":0,"comment_status":"closed","ping_status":"closed","template":"","meta":{"site-sidebar-layout":"no-sidebar","site-content-layout":"","ast-site-content-layout":"full-width-container","site-content-style":"default","site-sidebar-style":"default","ast-global-header-display":"","ast-banner-title-visibility":"","ast-main-header-display":"","ast-hfb-above-header-display":"","ast-hfb-below-header-display":"","ast-hfb-mobile-header-display":"","site-post-title":"disabled","ast-breadcrumbs-content":"","ast-featured-img":"disabled","footer-sml-layout":"","ast-disable-related-posts":"","theme-transparent-header-meta":"","adv-header-id-meta":"","stick-header-meta":"","header-above-stick-meta":"","header-main-stick-meta":"","header-below-stick-meta":"","astra-migrate-meta-layouts":"default","ast-page-background-enabled":"default","ast-page-background-meta":{"desktop":{"background-color":"var(--ast-global-color-4)","background-image":"","background-repeat":"repeat","background-position":"center center","background-size":"auto","background-attachment":"scroll","background-type":"","background-media":"","overlay-type":"","overlay-color":"","overlay-opacity":"","overlay-gradient":""},"tablet":{"background-color":"","background-image":"","background-repeat":"repeat","background-position":"center center","background-size":"auto","background-attachment":"scroll","background-type":"","background-media":"","overlay-type":"","overlay-color":"","overlay-opacity":"","overlay-gradient":""},"mobile":{"background-color":"","background-image":"","background-repeat":"repeat","background-position":"center center","background-size":"auto","background-attachment":"scroll","background-type":"","background-media":"","overlay-type":"","overlay-color":"","overlay-opacity":"","overlay-gradient":""}},"ast-content-background-meta":{"desktop":{"background-color":"var(--ast-global-color-5)","background-image":"","background-repeat":"repeat","background-position":"center center","background-size":"auto","background-attachment":"scroll","background-type":"","background-media":"","overlay-type":"","overlay-color":"","overlay-opacity":"","overlay-gradient":""},"tablet":{"background-color":"var(--ast-global-color-5)","background-image":"","background-repeat":"repeat","background-position":"center center","background-size":"auto","background-attachment":"scroll","background-type":"","background-media":"","overlay-type":"","overlay-color":"","overlay-opacity":"","overlay-gradient":""},"mobile":{"background-color":"var(--ast-global-color-5)","background-image":"","background-repeat":"repeat","background-position":"center center","background-size":"auto","background-attachment":"scroll","background-type":"","background-media":"","overlay-type":"","overlay-color":"","overlay-opacity":"","overlay-gradient":""}},"footnotes":""},"class_list":["post-731","page","type-page","status-publish","has-post-thumbnail","hentry"],"yoast_head":"<!-- This site is optimized with the Yoast SEO plugin v27.4 - https:\/\/yoast.com\/product\/yoast-seo-wordpress\/ -->\n<title>La maison - Mucette<\/title>\n<meta name=\"description\" content=\"La maison est le fruit de mon imagination et de mon amour pour la famille et la convivialit\u00e9, d&#039;o\u00f9 le projet de salon de th\u00e9 - p\u00e2tisserie.\" \/>\n<meta name=\"robots\" content=\"index, follow, max-snippet:-1, max-image-preview:large, max-video-preview:-1\" \/>\n<link rel=\"canonical\" href=\"https:\/\/mymucette.com\/index.php\/la-maison\/\" \/>\n<meta property=\"og:locale\" content=\"fr_FR\" \/>\n<meta property=\"og:type\" content=\"article\" \/>\n<meta property=\"og:title\" content=\"La maison - Mucette\" \/>\n<meta property=\"og:description\" content=\"La maison est le fruit de mon imagination et de mon amour pour la famille et la convivialit\u00e9, d&#039;o\u00f9 le projet de salon de th\u00e9 - p\u00e2tisserie.\" \/>\n<meta property=\"og:url\" content=\"https:\/\/mymucette.com\/index.php\/la-maison\/\" \/>\n<meta property=\"og:site_name\" content=\"Mucette\" \/>\n<meta property=\"article:publisher\" content=\"https:\/\/www.facebook.com\/share\/yfZKdnzCqWVjjqRw\/\" \/>\n<meta property=\"article:modified_time\" content=\"2024-11-11T09:40:44+00:00\" \/>\n<meta property=\"og:image\" content=\"https:\/\/mymucette.com\/wp-content\/uploads\/2024\/06\/MUCETTE-Sabrina-RAHBE-scaled.jpg\" \/>\n\t<meta property=\"og:image:width\" content=\"2560\" \/>\n\t<meta property=\"og:image:height\" content=\"1707\" \/>\n\t<meta property=\"og:image:type\" content=\"image\/jpeg\" \/>\n<meta name=\"twitter:card\" content=\"summary_large_image\" \/>\n<meta name=\"twitter:label1\" content=\"Dur\u00e9e de lecture estim\u00e9e\" \/>\n\t<meta name=\"twitter:data1\" content=\"2 minutes\" \/>\n<script type=\"application\/ld+json\" class=\"yoast-schema-graph\">{\"@context\":\"https:\\\/\\\/schema.org\",\"@graph\":[{\"@type\":\"WebPage\",\"@id\":\"https:\\\/\\\/mymucette.com\\\/index.php\\\/la-maison\\\/\",\"url\":\"https:\\\/\\\/mymucette.com\\\/index.php\\\/la-maison\\\/\",\"name\":\"La maison - Mucette\",\"isPartOf\":{\"@id\":\"https:\\\/\\\/mymucette.com\\\/#website\"},\"primaryImageOfPage\":{\"@id\":\"https:\\\/\\\/mymucette.com\\\/index.php\\\/la-maison\\\/#primaryimage\"},\"image\":{\"@id\":\"https:\\\/\\\/mymucette.com\\\/index.php\\\/la-maison\\\/#primaryimage\"},\"thumbnailUrl\":\"https:\\\/\\\/mymucette.com\\\/wp-content\\\/uploads\\\/2024\\\/06\\\/MUCETTE-Sabrina-RAHBE-scaled.jpg\",\"datePublished\":\"2024-07-15T13:14:48+00:00\",\"dateModified\":\"2024-11-11T09:40:44+00:00\",\"description\":\"La maison est le fruit de mon imagination et de mon amour pour la famille et la convivialit\u00e9, d'o\u00f9 le projet de salon de th\u00e9 - p\u00e2tisserie.\",\"breadcrumb\":{\"@id\":\"https:\\\/\\\/mymucette.com\\\/index.php\\\/la-maison\\\/#breadcrumb\"},\"inLanguage\":\"fr-FR\",\"potentialAction\":[{\"@type\":\"ReadAction\",\"target\":[\"https:\\\/\\\/mymucette.com\\\/index.php\\\/la-maison\\\/\"]}]},{\"@type\":\"ImageObject\",\"inLanguage\":\"fr-FR\",\"@id\":\"https:\\\/\\\/mymucette.com\\\/index.php\\\/la-maison\\\/#primaryimage\",\"url\":\"https:\\\/\\\/mymucette.com\\\/wp-content\\\/uploads\\\/2024\\\/06\\\/MUCETTE-Sabrina-RAHBE-scaled.jpg\",\"contentUrl\":\"https:\\\/\\\/mymucette.com\\\/wp-content\\\/uploads\\\/2024\\\/06\\\/MUCETTE-Sabrina-RAHBE-scaled.jpg\",\"width\":2560,\"height\":1707,\"caption\":\"MUCETTE-Sabrina-RAHBE\"},{\"@type\":\"BreadcrumbList\",\"@id\":\"https:\\\/\\\/mymucette.com\\\/index.php\\\/la-maison\\\/#breadcrumb\",\"itemListElement\":[{\"@type\":\"ListItem\",\"position\":1,\"name\":\"Accueil\",\"item\":\"https:\\\/\\\/mymucette.com\\\/\"},{\"@type\":\"ListItem\",\"position\":2,\"name\":\"La maison\"}]},{\"@type\":\"WebSite\",\"@id\":\"https:\\\/\\\/mymucette.com\\\/#website\",\"url\":\"https:\\\/\\\/mymucette.com\\\/\",\"name\":\"Mucette\",\"description\":\"Votre nouveau salon de th\u00e9 kids friendly \u00e0 Chessy Val d&#039;Europe\",\"publisher\":{\"@id\":\"https:\\\/\\\/mymucette.com\\\/#organization\"},\"potentialAction\":[{\"@type\":\"SearchAction\",\"target\":{\"@type\":\"EntryPoint\",\"urlTemplate\":\"https:\\\/\\\/mymucette.com\\\/?s={search_term_string}\"},\"query-input\":{\"@type\":\"PropertyValueSpecification\",\"valueRequired\":true,\"valueName\":\"search_term_string\"}}],\"inLanguage\":\"fr-FR\"},{\"@type\":\"Organization\",\"@id\":\"https:\\\/\\\/mymucette.com\\\/#organization\",\"name\":\"Mucette\",\"url\":\"https:\\\/\\\/mymucette.com\\\/\",\"logo\":{\"@type\":\"ImageObject\",\"inLanguage\":\"fr-FR\",\"@id\":\"https:\\\/\\\/mymucette.com\\\/#\\\/schema\\\/logo\\\/image\\\/\",\"url\":\"https:\\\/\\\/mymucette.com\\\/wp-content\\\/uploads\\\/2024\\\/05\\\/LOGO-MUCETTE_Plan-de-travail-1-2-scaled.png\",\"contentUrl\":\"https:\\\/\\\/mymucette.com\\\/wp-content\\\/uploads\\\/2024\\\/05\\\/LOGO-MUCETTE_Plan-de-travail-1-2-scaled.png\",\"width\":2560,\"height\":1810,\"caption\":\"Mucette\"},\"image\":{\"@id\":\"https:\\\/\\\/mymucette.com\\\/#\\\/schema\\\/logo\\\/image\\\/\"},\"sameAs\":[\"https:\\\/\\\/www.facebook.com\\\/share\\\/yfZKdnzCqWVjjqRw\\\/\",\"https:\\\/\\\/www.instagram.com\\\/mucette_salondethe\\\/\",\"https:\\\/\\\/www.linkedin.com\\\/company\\\/mucette\\\/\"]}]}<\/script>\n<!-- \/ Yoast SEO plugin. -->","yoast_head_json":{"title":"La maison - Mucette","description":"La maison est le fruit de mon imagination et de mon amour pour la famille et la convivialit\u00e9, d'o\u00f9 le projet de salon de th\u00e9 - p\u00e2tisserie.","robots":{"index":"index","follow":"follow","max-snippet":"max-snippet:-1","max-image-preview":"max-image-preview:large","max-video-preview":"max-video-preview:-1"},"canonical":"https:\/\/mymucette.com\/index.php\/la-maison\/","og_locale":"fr_FR","og_type":"article","og_title":"La maison - Mucette","og_description":"La maison est le fruit de mon imagination et de mon amour pour la famille et la convivialit\u00e9, d'o\u00f9 le projet de salon de th\u00e9 - p\u00e2tisserie.","og_url":"https:\/\/mymucette.com\/index.php\/la-maison\/","og_site_name":"Mucette","article_publisher":"https:\/\/www.facebook.com\/share\/yfZKdnzCqWVjjqRw\/","article_modified_time":"2024-11-11T09:40:44+00:00","og_image":[{"width":2560,"height":1707,"url":"https:\/\/mymucette.com\/wp-content\/uploads\/2024\/06\/MUCETTE-Sabrina-RAHBE-scaled.jpg","type":"image\/jpeg"}],"twitter_card":"summary_large_image","twitter_misc":{"Dur\u00e9e de lecture estim\u00e9e":"2 minutes"},"schema":{"@context":"https:\/\/schema.org","@graph":[{"@type":"WebPage","@id":"https:\/\/mymucette.com\/index.php\/la-maison\/","url":"https:\/\/mymucette.com\/index.php\/la-maison\/","name":"La maison - Mucette","isPartOf":{"@id":"https:\/\/mymucette.com\/#website"},"primaryImageOfPage":{"@id":"https:\/\/mymucette.com\/index.php\/la-maison\/#primaryimage"},"image":{"@id":"https:\/\/mymucette.com\/index.php\/la-maison\/#primaryimage"},"thumbnailUrl":"https:\/\/mymucette.com\/wp-content\/uploads\/2024\/06\/MUCETTE-Sabrina-RAHBE-scaled.jpg","datePublished":"2024-07-15T13:14:48+00:00","dateModified":"2024-11-11T09:40:44+00:00","description":"La maison est le fruit de mon imagination et de mon amour pour la famille et la convivialit\u00e9, d'o\u00f9 le projet de salon de th\u00e9 - p\u00e2tisserie.","breadcrumb":{"@id":"https:\/\/mymucette.com\/index.php\/la-maison\/#breadcrumb"},"inLanguage":"fr-FR","potentialAction":[{"@type":"ReadAction","target":["https:\/\/mymucette.com\/index.php\/la-maison\/"]}]},{"@type":"ImageObject","inLanguage":"fr-FR","@id":"https:\/\/mymucette.com\/index.php\/la-maison\/#primaryimage","url":"https:\/\/mymucette.com\/wp-content\/uploads\/2024\/06\/MUCETTE-Sabrina-RAHBE-scaled.jpg","contentUrl":"https:\/\/mymucette.com\/wp-content\/uploads\/2024\/06\/MUCETTE-Sabrina-RAHBE-scaled.jpg","width":2560,"height":1707,"caption":"MUCETTE-Sabrina-RAHBE"},{"@type":"BreadcrumbList","@id":"https:\/\/mymucette.com\/index.php\/la-maison\/#breadcrumb","itemListElement":[{"@type":"ListItem","position":1,"name":"Accueil","item":"https:\/\/mymucette.com\/"},{"@type":"ListItem","position":2,"name":"La maison"}]},{"@type":"WebSite","@id":"https:\/\/mymucette.com\/#website","url":"https:\/\/mymucette.com\/","name":"Mucette","description":"Votre nouveau salon de th\u00e9 kids friendly \u00e0 Chessy Val d&#039;Europe","publisher":{"@id":"https:\/\/mymucette.com\/#organization"},"potentialAction":[{"@type":"SearchAction","target":{"@type":"EntryPoint","urlTemplate":"https:\/\/mymucette.com\/?s={search_term_string}"},"query-input":{"@type":"PropertyValueSpecification","valueRequired":true,"valueName":"search_term_string"}}],"inLanguage":"fr-FR"},{"@type":"Organization","@id":"https:\/\/mymucette.com\/#organization","name":"Mucette","url":"https:\/\/mymucette.com\/","logo":{"@type":"ImageObject","inLanguage":"fr-FR","@id":"https:\/\/mymucette.com\/#\/schema\/logo\/image\/","url":"https:\/\/mymucette.com\/wp-content\/uploads\/2024\/05\/LOGO-MUCETTE_Plan-de-travail-1-2-scaled.png","contentUrl":"https:\/\/mymucette.com\/wp-content\/uploads\/2024\/05\/LOGO-MUCETTE_Plan-de-travail-1-2-scaled.png","width":2560,"height":1810,"caption":"Mucette"},"image":{"@id":"https:\/\/mymucette.com\/#\/schema\/logo\/image\/"},"sameAs":["https:\/\/www.facebook.com\/share\/yfZKdnzCqWVjjqRw\/","https:\/\/www.instagram.com\/mucette_salondethe\/","https:\/\/www.linkedin.com\/company\/mucette\/"]}]}},"jetpack_sharing_enabled":true,"_links":{"self":[{"href":"https:\/\/mymucette.com\/index.php\/wp-json\/wp\/v2\/pages\/731","targetHints":{"allow":["GET"]}}],"collection":[{"href":"https:\/\/mymucette.com\/index.php\/wp-json\/wp\/v2\/pages"}],"about":[{"href":"https:\/\/mymucette.com\/index.php\/wp-json\/wp\/v2\/types\/page"}],"author":[{"embeddable":true,"href":"https:\/\/mymucette.com\/index.php\/wp-json\/wp\/v2\/users\/1"}],"replies":[{"embeddable":true,"href":"https:\/\/mymucette.com\/index.php\/wp-json\/wp\/v2\/comments?post=731"}],"version-history":[{"count":94,"href":"https:\/\/mymucette.com\/index.php\/wp-json\/wp\/v2\/pages\/731\/revisions"}],"predecessor-version":[{"id":3426,"href":"https:\/\/mymucette.com\/index.php\/wp-json\/wp\/v2\/pages\/731\/revisions\/3426"}],"wp:featuredmedia":[{"embeddable":true,"href":"https:\/\/mymucette.com\/index.php\/wp-json\/wp\/v2\/media\/517"}],"wp:attachment":[{"href":"https:\/\/mymucette.com\/index.php\/wp-json\/wp\/v2\/media?parent=731"}],"curies":[{"name":"wp","href":"https:\/\/api.w.org\/{rel}","templated":true}]}}