{"id":1030,"date":"2024-07-22T10:40:13","date_gmt":"2024-07-22T08:40:13","guid":{"rendered":"https:\/\/mymucette.com\/index.php\/panier\/"},"modified":"2025-12-15T14:18:37","modified_gmt":"2025-12-15T13:18:37","slug":"panier","status":"publish","type":"page","link":"https:\/\/mymucette.com\/index.php\/panier\/","title":{"rendered":"Panier"},"content":{"rendered":"\t\t<div data-elementor-type=\"wp-page\" data-elementor-id=\"1030\" class=\"elementor elementor-1030\">\n\t\t\t\t<div class=\"elementor-element elementor-element-554f5ba5 e-flex e-con-boxed e-con e-parent\" data-id=\"554f5ba5\" data-element_type=\"container\" data-e-type=\"container\">\n\t\t\t\t\t<div class=\"e-con-inner\">\n\t\t\t\t<div class=\"elementor-element elementor-element-25ca45e1 elementor-widget elementor-widget-text-editor\" data-id=\"25ca45e1\" data-element_type=\"widget\" data-e-type=\"widget\" data-widget_type=\"text-editor.default\">\n\t\t\t\t<div class=\"elementor-widget-container\">\n\t\t\t\t\t\t\t\t\t<div class=\"woocommerce\">\n<div class=\"woocommerce-notices-wrapper\"><\/div>\n<div class=\"wc-empty-cart-message\">\n<div class=\"cart-empty woocommerce-info\" role=\"status\">\n\t\tVotre panier est actuellement vide.\t<\/div>\n<\/div>\n<p class=\"return-to-shop\">\n\t\t<a class=\"button wc-backward\" href=\"https:\/\/mymucette.com\/index.php\/boutique-mucette\/\"><br \/>\n\t\t\tRetour \u00e0 la boutique\t\t<\/a>\n\t<\/p>\n<\/div>\n\t\t\t\t\t\t\t\t<\/div>\n\t\t\t\t<\/div>\n\t\t\t\t\t<\/div>\n\t\t\t\t<\/div>\n\t\t<div class=\"elementor-element elementor-element-4c73f6c e-flex e-con-boxed e-con e-parent\" data-id=\"4c73f6c\" data-element_type=\"container\" data-e-type=\"container\">\n\t\t\t\t\t<div class=\"e-con-inner\">\n\t\t\t\t<div class=\"elementor-element elementor-element-5572c9b elementor-widget elementor-widget-html\" data-id=\"5572c9b\" data-element_type=\"widget\" data-e-type=\"widget\" data-widget_type=\"html.default\">\n\t\t\t\t<div class=\"elementor-widget-container\">\n\t\t\t\t\t<div class=\"panier\">\r\n<button onclick=\"history.back()\">Page pr\u00e9c\u00e9dente<\/button>\r\n<button><a href=\"https:\/\/mymucette.com\/\">Retour aux p\u00e2tisseries<\/a><\/button>\r\n<\/div>\r\n\t\t\t\t<\/div>\n\t\t\t\t<\/div>\n\t\t\t\t\t<\/div>\n\t\t\t\t<\/div>\n\t\t\t\t<\/div>\n\t\t","protected":false},"excerpt":{"rendered":"<p>Page pr\u00e9c\u00e9dente Retour aux p\u00e2tisseries<\/p>\n","protected":false},"author":1,"featured_media":0,"parent":0,"menu_order":0,"comment_status":"closed","ping_status":"closed","template":"","meta":{"site-sidebar-layout":"default","site-content-layout":"","ast-site-content-layout":"default","site-content-style":"default","site-sidebar-style":"default","ast-global-header-display":"","ast-banner-title-visibility":"","ast-main-header-display":"","ast-hfb-above-header-display":"","ast-hfb-below-header-display":"","ast-hfb-mobile-header-display":"","site-post-title":"","ast-breadcrumbs-content":"","ast-featured-img":"","footer-sml-layout":"","ast-disable-related-posts":"","theme-transparent-header-meta":"","adv-header-id-meta":"","stick-header-meta":"","header-above-stick-meta":"","header-main-stick-meta":"","header-below-stick-meta":"","astra-migrate-meta-layouts":"default","ast-page-background-enabled":"default","ast-page-background-meta":{"desktop":{"background-color":"var(--ast-global-color-4)","background-image":"","background-repeat":"repeat","background-position":"center center","background-size":"auto","background-attachment":"scroll","background-type":"","background-media":"","overlay-type":"","overlay-color":"","overlay-opacity":"","overlay-gradient":""},"tablet":{"background-color":"","background-image":"","background-repeat":"repeat","background-position":"center center","background-size":"auto","background-attachment":"scroll","background-type":"","background-media":"","overlay-type":"","overlay-color":"","overlay-opacity":"","overlay-gradient":""},"mobile":{"background-color":"","background-image":"","background-repeat":"repeat","background-position":"center center","background-size":"auto","background-attachment":"scroll","background-type":"","background-media":"","overlay-type":"","overlay-color":"","overlay-opacity":"","overlay-gradient":""}},"ast-content-background-meta":{"desktop":{"background-color":"var(--ast-global-color-5)","background-image":"","background-repeat":"repeat","background-position":"center center","background-size":"auto","background-attachment":"scroll","background-type":"","background-media":"","overlay-type":"","overlay-color":"","overlay-opacity":"","overlay-gradient":""},"tablet":{"background-color":"var(--ast-global-color-5)","background-image":"","background-repeat":"repeat","background-position":"center center","background-size":"auto","background-attachment":"scroll","background-type":"","background-media":"","overlay-type":"","overlay-color":"","overlay-opacity":"","overlay-gradient":""},"mobile":{"background-color":"var(--ast-global-color-5)","background-image":"","background-repeat":"repeat","background-position":"center center","background-size":"auto","background-attachment":"scroll","background-type":"","background-media":"","overlay-type":"","overlay-color":"","overlay-opacity":"","overlay-gradient":""}},"footnotes":""},"class_list":["post-1030","page","type-page","status-publish","hentry"],"yoast_head":"<!-- This site is optimized with the Yoast SEO plugin v27.4 - https:\/\/yoast.com\/product\/yoast-seo-wordpress\/ -->\n<title>Panier - Mucette<\/title>\n<meta name=\"robots\" content=\"index, follow, max-snippet:-1, max-image-preview:large, max-video-preview:-1\" \/>\n<link rel=\"canonical\" href=\"https:\/\/mymucette.com\/index.php\/panier\/\" \/>\n<meta property=\"og:locale\" content=\"fr_FR\" \/>\n<meta property=\"og:type\" content=\"article\" \/>\n<meta property=\"og:title\" content=\"Panier - Mucette\" \/>\n<meta property=\"og:description\" content=\"Page pr\u00e9c\u00e9dente Retour aux p\u00e2tisseries\" \/>\n<meta property=\"og:url\" content=\"https:\/\/mymucette.com\/index.php\/panier\/\" \/>\n<meta property=\"og:site_name\" content=\"Mucette\" \/>\n<meta property=\"article:publisher\" content=\"https:\/\/www.facebook.com\/share\/yfZKdnzCqWVjjqRw\/\" \/>\n<meta property=\"article:modified_time\" content=\"2025-12-15T13:18:37+00:00\" \/>\n<meta property=\"og:image\" content=\"https:\/\/mymucette.com\/wp-content\/uploads\/2024\/10\/Comptoir-MUCETTE.jpg\" \/>\n\t<meta property=\"og:image:width\" content=\"992\" \/>\n\t<meta property=\"og:image:height\" content=\"557\" \/>\n\t<meta property=\"og:image:type\" content=\"image\/jpeg\" \/>\n<meta name=\"twitter:card\" content=\"summary_large_image\" \/>\n<script type=\"application\/ld+json\" class=\"yoast-schema-graph\">{\"@context\":\"https:\\\/\\\/schema.org\",\"@graph\":[{\"@type\":\"WebPage\",\"@id\":\"https:\\\/\\\/mymucette.com\\\/index.php\\\/panier\\\/\",\"url\":\"https:\\\/\\\/mymucette.com\\\/index.php\\\/panier\\\/\",\"name\":\"Panier - Mucette\",\"isPartOf\":{\"@id\":\"https:\\\/\\\/mymucette.com\\\/#website\"},\"datePublished\":\"2024-07-22T08:40:13+00:00\",\"dateModified\":\"2025-12-15T13:18:37+00:00\",\"breadcrumb\":{\"@id\":\"https:\\\/\\\/mymucette.com\\\/index.php\\\/panier\\\/#breadcrumb\"},\"inLanguage\":\"fr-FR\",\"potentialAction\":[{\"@type\":\"ReadAction\",\"target\":[\"https:\\\/\\\/mymucette.com\\\/index.php\\\/panier\\\/\"]}]},{\"@type\":\"BreadcrumbList\",\"@id\":\"https:\\\/\\\/mymucette.com\\\/index.php\\\/panier\\\/#breadcrumb\",\"itemListElement\":[{\"@type\":\"ListItem\",\"position\":1,\"name\":\"Accueil\",\"item\":\"https:\\\/\\\/mymucette.com\\\/\"},{\"@type\":\"ListItem\",\"position\":2,\"name\":\"Panier\"}]},{\"@type\":\"WebSite\",\"@id\":\"https:\\\/\\\/mymucette.com\\\/#website\",\"url\":\"https:\\\/\\\/mymucette.com\\\/\",\"name\":\"Mucette\",\"description\":\"Votre nouveau salon de th\u00e9 kids friendly \u00e0 Chessy Val d&#039;Europe\",\"publisher\":{\"@id\":\"https:\\\/\\\/mymucette.com\\\/#organization\"},\"potentialAction\":[{\"@type\":\"SearchAction\",\"target\":{\"@type\":\"EntryPoint\",\"urlTemplate\":\"https:\\\/\\\/mymucette.com\\\/?s={search_term_string}\"},\"query-input\":{\"@type\":\"PropertyValueSpecification\",\"valueRequired\":true,\"valueName\":\"search_term_string\"}}],\"inLanguage\":\"fr-FR\"},{\"@type\":\"Organization\",\"@id\":\"https:\\\/\\\/mymucette.com\\\/#organization\",\"name\":\"Mucette\",\"url\":\"https:\\\/\\\/mymucette.com\\\/\",\"logo\":{\"@type\":\"ImageObject\",\"inLanguage\":\"fr-FR\",\"@id\":\"https:\\\/\\\/mymucette.com\\\/#\\\/schema\\\/logo\\\/image\\\/\",\"url\":\"https:\\\/\\\/mymucette.com\\\/wp-content\\\/uploads\\\/2024\\\/05\\\/LOGO-MUCETTE_Plan-de-travail-1-2-scaled.png\",\"contentUrl\":\"https:\\\/\\\/mymucette.com\\\/wp-content\\\/uploads\\\/2024\\\/05\\\/LOGO-MUCETTE_Plan-de-travail-1-2-scaled.png\",\"width\":2560,\"height\":1810,\"caption\":\"Mucette\"},\"image\":{\"@id\":\"https:\\\/\\\/mymucette.com\\\/#\\\/schema\\\/logo\\\/image\\\/\"},\"sameAs\":[\"https:\\\/\\\/www.facebook.com\\\/share\\\/yfZKdnzCqWVjjqRw\\\/\",\"https:\\\/\\\/www.instagram.com\\\/mucette_salondethe\\\/\",\"https:\\\/\\\/www.linkedin.com\\\/company\\\/mucette\\\/\"]}]}<\/script>\n<!-- \/ Yoast SEO plugin. -->","yoast_head_json":{"title":"Panier - Mucette","robots":{"index":"index","follow":"follow","max-snippet":"max-snippet:-1","max-image-preview":"max-image-preview:large","max-video-preview":"max-video-preview:-1"},"canonical":"https:\/\/mymucette.com\/index.php\/panier\/","og_locale":"fr_FR","og_type":"article","og_title":"Panier - Mucette","og_description":"Page pr\u00e9c\u00e9dente Retour aux p\u00e2tisseries","og_url":"https:\/\/mymucette.com\/index.php\/panier\/","og_site_name":"Mucette","article_publisher":"https:\/\/www.facebook.com\/share\/yfZKdnzCqWVjjqRw\/","article_modified_time":"2025-12-15T13:18:37+00:00","og_image":[{"width":992,"height":557,"url":"https:\/\/mymucette.com\/wp-content\/uploads\/2024\/10\/Comptoir-MUCETTE.jpg","type":"image\/jpeg"}],"twitter_card":"summary_large_image","schema":{"@context":"https:\/\/schema.org","@graph":[{"@type":"WebPage","@id":"https:\/\/mymucette.com\/index.php\/panier\/","url":"https:\/\/mymucette.com\/index.php\/panier\/","name":"Panier - Mucette","isPartOf":{"@id":"https:\/\/mymucette.com\/#website"},"datePublished":"2024-07-22T08:40:13+00:00","dateModified":"2025-12-15T13:18:37+00:00","breadcrumb":{"@id":"https:\/\/mymucette.com\/index.php\/panier\/#breadcrumb"},"inLanguage":"fr-FR","potentialAction":[{"@type":"ReadAction","target":["https:\/\/mymucette.com\/index.php\/panier\/"]}]},{"@type":"BreadcrumbList","@id":"https:\/\/mymucette.com\/index.php\/panier\/#breadcrumb","itemListElement":[{"@type":"ListItem","position":1,"name":"Accueil","item":"https:\/\/mymucette.com\/"},{"@type":"ListItem","position":2,"name":"Panier"}]},{"@type":"WebSite","@id":"https:\/\/mymucette.com\/#website","url":"https:\/\/mymucette.com\/","name":"Mucette","description":"Votre nouveau salon de th\u00e9 kids friendly \u00e0 Chessy Val d&#039;Europe","publisher":{"@id":"https:\/\/mymucette.com\/#organization"},"potentialAction":[{"@type":"SearchAction","target":{"@type":"EntryPoint","urlTemplate":"https:\/\/mymucette.com\/?s={search_term_string}"},"query-input":{"@type":"PropertyValueSpecification","valueRequired":true,"valueName":"search_term_string"}}],"inLanguage":"fr-FR"},{"@type":"Organization","@id":"https:\/\/mymucette.com\/#organization","name":"Mucette","url":"https:\/\/mymucette.com\/","logo":{"@type":"ImageObject","inLanguage":"fr-FR","@id":"https:\/\/mymucette.com\/#\/schema\/logo\/image\/","url":"https:\/\/mymucette.com\/wp-content\/uploads\/2024\/05\/LOGO-MUCETTE_Plan-de-travail-1-2-scaled.png","contentUrl":"https:\/\/mymucette.com\/wp-content\/uploads\/2024\/05\/LOGO-MUCETTE_Plan-de-travail-1-2-scaled.png","width":2560,"height":1810,"caption":"Mucette"},"image":{"@id":"https:\/\/mymucette.com\/#\/schema\/logo\/image\/"},"sameAs":["https:\/\/www.facebook.com\/share\/yfZKdnzCqWVjjqRw\/","https:\/\/www.instagram.com\/mucette_salondethe\/","https:\/\/www.linkedin.com\/company\/mucette\/"]}]}},"jetpack_sharing_enabled":true,"_links":{"self":[{"href":"https:\/\/mymucette.com\/index.php\/wp-json\/wp\/v2\/pages\/1030","targetHints":{"allow":["GET"]}}],"collection":[{"href":"https:\/\/mymucette.com\/index.php\/wp-json\/wp\/v2\/pages"}],"about":[{"href":"https:\/\/mymucette.com\/index.php\/wp-json\/wp\/v2\/types\/page"}],"author":[{"embeddable":true,"href":"https:\/\/mymucette.com\/index.php\/wp-json\/wp\/v2\/users\/1"}],"replies":[{"embeddable":true,"href":"https:\/\/mymucette.com\/index.php\/wp-json\/wp\/v2\/comments?post=1030"}],"version-history":[{"count":13,"href":"https:\/\/mymucette.com\/index.php\/wp-json\/wp\/v2\/pages\/1030\/revisions"}],"predecessor-version":[{"id":3025,"href":"https:\/\/mymucette.com\/index.php\/wp-json\/wp\/v2\/pages\/1030\/revisions\/3025"}],"wp:attachment":[{"href":"https:\/\/mymucette.com\/index.php\/wp-json\/wp\/v2\/media?parent=1030"}],"curies":[{"name":"wp","href":"https:\/\/api.w.org\/{rel}","templated":true}]}}